45 divide 296323125?
False
Does 35 divide 1607346?
False
Is 85 a factor of 2123143115?
False
Is 107123923 a multiple of 12?
False
Is 586953024 a multiple of 12?
True
Is 61525326 a multiple of 12?
False
Is 856 a factor of 2860566136?
False
Is 641550650 a multiple of 1328?
False
Does 1451 divide 29772629?
False
Is 31669969 a multiple of 2?
False
Is 1733762940 a multiple of 14?
True
Is 195753630 a multiple of 9245?
True
Does 32 divide 86708609?
False
Is 62 a factor of 236038092?
True
Does 2853 divide 38603943?
True
Is 682242792 a multiple of 75?
False
Is 6690988 a multiple of 72?
False
Does 198 divide 10291446?
True
Is 18 a factor of 66083718?
False
Is 62231421 a multiple of 91?
False
Is 11 a factor of 338481?
True
Does 449 divide 115999519?
False
Does 3353 divide 229987934?
False
Does 76 divide 24245064?
True
Is 440193600 a multiple of 72?
True
Is 44 a factor of 60977136?
True
Does 28 divide 2577204?
True
Is 375624830 a multiple of 217?
True
Is 13 a factor of 98688977?
False
Is 13368987 a multiple of 153?
True
Is 25286314 a multiple of 2011?
True
Does 3719 divide 2095730880?
True
Is 6 a factor of 3074706?
True
Does 39 divide 4146540060?
True
Does 767 divide 172588806?
True
Does 47 divide 16195025?
True
Does 5276 divide 1796762904?
True
Does 1536 divide 16593408?
True
Is 27803898 a multiple of 6?
True
Is 2 a factor of 1200985?
False
Does 12 divide 42605952?
True
Is 100817388 a multiple of 16?
False
Is 18473983 a multiple of 302?
False
Is 42 a factor of 2582009010?
True
Is 5286963598 a multiple of 38?
True
Is 494895911 even?
False
Is 61 a factor of 6163806?
True
Does 2047 divide 48911018?
True
Does 565 divide 37137289?
False
Is 763 a factor of 3380286?
False
Is 55 a factor of 3403480?
False
Is 14028352 a multiple of 16?
True
Is 121099489 a multiple of 2?
False
Is 48 a factor of 66385056?
True
Does 14 divide 287862302?
True
Is 71990460 a multiple of 18?
True
Is 34 a factor of 234661778?
True
Does 15 divide 9504756?
False
Is 2365 a factor of 4444946772?
False
Does 1048 divide 136831072?
True
Is 5147 a factor of 256950522?
False
Is 58106805 a multiple of 233?
False
Is 47 a factor of 157550204?
True
Is 124 a factor of 120783590?
False
Is 106 a factor of 44572822?
False
Is 1348878000 a multiple of 25?
True
Does 2 divide 7299257?
False
Is 71 a factor of 92553115?
True
Is 29300072 a multiple of 8?
True
Is 871547462 a multiple of 123?
False
Is 118 a factor of 506858797?
False
Does 1259 divide 4910602?
False
Is 1082424463 a multiple of 4?
False
Does 10 divide 14744570?
True
Is 49 a factor of 1609552010?
False
Does 265 divide 1603798550?
True
Does 531 divide 32946426?
True
Does 2032 divide 222629984?
True
Is 1195643603 a multiple of 5002?
False
Is 46 a factor of 1324472066?
True
Does 139 divide 266736934?
False
Is 74455284 a multiple of 218?
True
Is 1185 a factor of 764570295?
True
Does 329 divide 247274755?
True
Is 118 a factor of 113098501?
False
Does 502 divide 5026050?
False
Is 3835 a factor of 2598062935?
True
Does 623 divide 13606525?
False
Is 891096617 a multiple of 1351?
False
Is 9955407 a multiple of 607?
True
Does 50 divide 615177?
False
Does 1232 divide 1104933984?
True
Is 29 a factor of 1232539793?
False
Is 190 a factor of 228967725?
False
Is 10313518 a multiple of 250?
False
Is 926 a factor of 92341646?
True
Is 308 a factor of 1101716?
True
Is 34 a factor of 447766978?
True
Is 3958 a factor of 1096023215?
False
Is 414243922 a multiple of 299?
False
Does 5 divide 272249098?
False
Is 156 a factor of 128936530?
False
Is 251 a factor of 894096889?
True
Is 88788714 a multiple of 8?
False
Is 12 a factor of 2933925872?
False
Is 343 a factor of 116795525?
False
Is 39 a factor of 5610339?
False
Does 122 divide 29861208?
True
Is 999398 a multiple of 68?
False
Is 66839988 a multiple of 241?
False
Is 1849863204 a multiple of 84?
True
Is 211898244 a multiple of 6?
True
Does 121 divide 437365737?
False
Does 13 divide 882812154?
False
Does 3030 divide 351834435?
False
Is 1082 a factor of 26268796?
True
Is 28473560 a multiple of 1613?
False
Does 205 divide 21061085?
True
Is 3 a factor of 204661590?
True
Is 385 a factor of 129568670?
True
Is 41 a factor of 18211134?
True
Does 8 divide 1871482?
False
Does 256 divide 13456756?
False
Is 195286789 a multiple of 245?
False
Does 37 divide 3227902603?
False
Is 2102 a factor of 257369234?
False
Is 226 a factor of 74809064?
False
Does 230 divide 28808496?
False
Does 2340 divide 2655000654?
False
Is 130 a factor of 235992120?
True
Does 423 divide 18164951?
False
Does 7192 divide 403446525?
False
Does 64 divide 183392556?
False
Does 7507 divide 4419721896?
False
Is 61 a factor of 3440520249?
False
Does 17 divide 30020419?
True
Is 1158270372 a multiple of 462?
False
Is 121 a factor of 22288907?
False
Is 301103628 a multiple of 268?
True
Does 347 divide 10598669?
False
Is 8453030 a multiple of 10?
True
Is 4008 a factor of 119221968?
True
Is 23653494 a multiple of 153?
True
Is 361 a factor of 5063721970?
False
Is 8026772 a multiple of 163?
True
Is 1200759840 a multiple of 672?
True
Is 6468741 a multiple of 27?
True
Does 369 divide 34270137?
True
Is 378 a factor of 2350364173?
False
Does 142 divide 833629176?
True
Is 212204944 a multiple of 28?
True
Does 34 divide 2744217?
False
Does 1094 divide 263839980?
True
Does 1057 divide 155695043?
True
Is 61668483 a multiple of 18?
False
Is 328291887 a multiple of 231?
True
Is 550557680 a multiple of 2578?
True
Does 302 divide 95261370?
True
Is 569 a factor of 34744847?
True
Is 1758 a factor of 394720905?
False
Is 800 a factor of 5107717?
False
Is 14 a factor of 560856996?
True
Does 71 divide 5093893?
False
Does 17 divide 291901125?
False
Does 108 divide 125264537?
False
Is 10149417 a multiple of 6?
False
Is 40523886 a multiple of 18?
True
Is 371 a factor of 201345762?
False
Is 8042 a factor of 20692867?
False
Is 11850080 a multiple of 32?
True
Does 386 divide 33663060?
True
Is 1806971452 a multiple of 22?
True
Is 320758 a multiple of 97?
False
Is 2202330667 a multiple of 587?
True
Does 7 divide 16577383?
False
Is 402 a factor of 116560075?
False
Is 2633025298 a multiple of 17?
False
Is 21 a factor of 36981757?
False
Is 209907459 a multiple of 1623?
True
Is 375559669 a multiple of 701?
False
Is 1618 a factor of 2495874263?
False
Is 422660105 a multiple of 38?
False
Does 375 divide 50290500?
True
Is 6 a factor of 621625?
False
Is 31471550 a multiple of 25?
True
Is 21391343 a multiple of 751?
False
Is 223815393 a multiple of 1119?
False
Does 911 divide 27687029?
False
Is 260070020 a multiple of 172?
True
Is 6 a factor of 69691297?
False
Does 171 divide 48775698?
True
Is 1130515362 a multiple of 1186?
True
Is 4986 a factor of 1558371892?
False
Does 778 divide 151096158?
True
Is 1171490580 a multiple of 4251?
True
Is 18 a factor of 31793817?
False
Is 67 a factor of 26870630?
False
Does 316 divide 865448160?
True
Is 55163357 a multiple of 354?
False
Is 5 a factor of 1624960?
True
Is 1855906236 a multiple of 5846?
True
Is 59 a factor of 324439761?
True
Is 3762367316 a multiple of 35?
False
Is 301 a factor of 177952543?
False
Is 25048705 a multiple of 8?
False
Is 806 a factor of 607331223?
False
Is 1810 a factor of 139376393?
False
Does 20 divide 8986324?
False
Is 28722678 a multiple of 58?
False
Does 750 divide 243364318?
False
Is 14848160 even?
True
Does 3765 divide 136641803?
False
Is 711 a factor of 6844547?
False
Is 44221070 a multiple of 466?
True
Does 14 divide 23927109?
False
Is 97166944 a multiple of 8?
True
Is 8929592 a multiple of 27?
False
Is 2877 a factor of 28089460?
False
Is 43 a factor of 369680374?
True
Is 512272131 a multiple of 30?
False
Is 419321661 a multiple of 32?
False
Is 145731287 a multiple of 13?
True
Is 2 a factor of 58750261?
False
Is 1379 a factor of 262098088?
False
Is 7200033066 a multiple of 978?
True
Is 1830970 a multiple of 26?
False
Is 63509525 a multiple of 83?
True
Is 2210298209 a multiple of 100?
False
Does 50 divide 1177192154?
False
Does 11 divide 443144867?
True
Does 11 divide 225150298?
False
Does 58 divide 2763874?
True
Is 476043596 a multiple of 28?
True
Is 343017612 a multiple of 18?
True
Is 147149648 a multiple of 346?
True
Does 121 divide 1173082900?
True
Is 152617417 a multiple of 33?
False
Is 239895861 a multiple of 14?
False
Is 162 a fa